 + -33 + 15 + 0 + 0.
-15
Evaluate 2 + (-8 - -4 - -16) + 608 + -637.
-15
Evaluate 11 + -16 + 9 + -9 + 2.
-3
-2 + (1 - -2) + (-777 - -770)
-6
Calculate -34 - 1 - (-482 + 484).
-37
Calculate 276 + (-211 - -61) - 22.
104
Evaluate (-79 - 3) + (-4 - 10) + 363 + -328.
-61
What is the value of -491 + 524 + (5 - 6) + -4?
28
What is the value of -8 + (-1701 - -1729) + 0 + -127?
-107
0 - (-5 + 30) - (1471 + -1450)
-46
Calculate (62 + -32 - 26) + 93 - 18.
79
Calculate -49 + (82 - (-34 - -62)) - (1 + 90).
-86
What is 15 + -11 + 10 + 15 + (-4 - (-6 - 0))?
31
Calculate (31 + -17 - 25) + -21 + -50.
-82
2 + 120 - (-2745 - -2972)
-105
Calculate (-60 - -56 - -139) + -95.
40
16 + (2 - -13) + (3 + (25 - 36) - -3)
26
3 - ((-138 - -162 - (0 - -10)) + (-6 - -2))
-7
What is -11 + 63 + -3 - (-9 - -30)?
28
-7 + ((10 - 5) + -24 - (17 - (3 + 20)))
-20
10 + 51 + -11 + 21 + -9 + 13
75
Evaluate (2 + -8 - (106 - 116)) + -37 + (3 - -1).
-29
What is (-185 - 18) + 20 - -132?
-51
Evaluate -275 + 330 + (-56 - 0).
-1
Evaluate 28 + -47 + 5 - (-1 + 27).
-40
What is 0 + -17 - (47 + (-12 - (31 - 36)))?
-57
136 + -70 + 18 + -98
-14
Evaluate -11 + (19 + -17 - -33 - 3).
21
983 + -1103 + (255 - 13)
122
Calculate -3 - (-12 + 4) - (-25 + (55 - 15)).
-10
(11 - (11 + -8)) + -38
-30
-144 + 145 - (1 - -2 - -3 - (-4 - -6))
-3
-182 + (20 - -60) - -10
-92
Calculate -6 + (1 - 0) + (0 - ((7 - 15) + 2)).
1
What is the value of -38 - ((-29 - -17) + 3)?
-29
-58 + 47 - (2 + (1 - 4)) - (2 + 29)
-41
Evaluate 36 + -1 + -29 - (-1 + -95 + 13).
89
What is the value of -1 - 0 - ((1 - -9 - (-14 + 21)) + -1)?
-3
What is (0 - 5) + -1 + -35?
-41
1 + -16 - ((-4 - -1) + 5 + 7)
-24
33 - (-46 - (-44 - -11))
46
(8 - 7) + -15 - (6 + (-8 - 10))
-2
Calculate -1 - 13 - -41 - 22 - (-2 + -2 + -1).
10
What is the value of 29 + 56 + 8 + -48 - -14?
59
Evaluate 34 + -136 + 93 + (-38 - (1 - 1)).
-47
Calculate 15 + (-11 - -1) + -29 - -1.
-23
What is -2 + -19 + -82 + (4 - -68)?
-31
What is (26 - (87 + -45 + -30)) + (-2 - -1) + -8?
5
What is the value of (-15 + 10 - (1 - -23)) + (12 - 13)?
-30
Evaluate (-45 + 25 - (-113 + (5 - -6))) + 6.
88
1 + (0 - 134 - -1) + (115 - (-583 - -696))
-130
Evaluate (2 - (-5 + 6) - -6) + 70.
77
What is (-106 - (54 + (3 - 29))) + (7 - 11)?
-138
Calculate -31 + 32 + -2 + (33 - (-2 + -1)).
35
Calculate 0 - (-68 + 0) - (2623 + -2598).
43
Calculate 23 + (61 - ((14 + -4 - 5) + -10)).
89
55 - (100 + -99) - -21
75
-93 - (25 + -25 - 32 - 3)
-58
Calculate (166 - 36) + -21 + (4 + -3 - -22).
132
Evaluate 15 + -434 + 402 + (-2 - 0) + 0.
-19
-8 + (27 + 1 + -3 - -2 - (235 - 238))
22
Calculate -14 + -9 + 13 - (120 - 121) - 17.
-26
What is the value of -20 - (1 + 2 + 66 + -71)?
-18
Evaluate (40 + -8 - 30) + (9 - 5) + -2 + 0.
4
Evaluate -13 + 18 + (-34 - 9 - -28) - (-2 + -116).
108
Evaluate -3 + 17 + -108 + 22 + 26.
-46
-25 - -10 - -3 - ((-12 - 36) + -6)
42
What is 78 + (-28 - -3 - (124 + -139))?
68
-1 + -3 - (-45 + 51 + -15 - (2 - -54))
61
Evaluate 4 + -2 - 97 - (-2086 - -2051).
-60
Calculate -32 + 64 + -17 + -1 + 27.
41
What is the value of 6754 + -6832 + (14 - 1)?
-65
(17 - 2) + -45 + (-57 - -92) + 52
57
What is 52 + (20 - ((41 - (27 - 5)) + -1))?
54
What is 5 - ((-51 - -2) + 5) - (52 - 63)?
60
Calculate -65 + (40 - (45 - 34)).
-36
273 + -258 - (-4 + -51)
70
Evaluate (0 + -4 - -2) + (412 + -386 - (23 + 0)).
1
Calculate 53 + (-6 - 37) + 8 + -1.
17
What is -24 - (125 - 36 - 37)?
-76
What is -16 + (-4 - -4) + (-38 - -83)?
29
What is (-54 - -18) + 35 + 1 + (-4 - 26)?
-30
Evaluate -75 + (574 + -586 - (1 - -29)).
-117
(13 - (-13 + 43)) + (-22 - -40) - -60
61
(-1 - (-9 + 3)) + -18 + 30 + (-45 - -19)
-9
Evaluate -4 + 3 + 83 - (319 + -292).
55
What is 295 + -374 + (17 - -2) + (1 - 20)?
-79
10 - ((-36 + 73 - 36) + (1 - -29) + 10)
-31
Evaluate 20 + (-7 - (-46 + (16 - 9))).
52
2100 + -2085 - (-3 - (0 + 38))
56
What is (-36 + 1 + 11 - 10) + (-2 + 6 - 0)?
-30
Calculate (1 - -21) + 3 + 35 + -50.
10
Evaluate (6 - ((9 + 8 - 18) + 9)) + -23.
-25
Evaluate (-36 + 62 - (-17 - -79)) + -23.
-59
What is (-14439 - -14284) + (1 - -151)?
-3
Evaluate -20 - (-4 - 80 - -43).
21
What is 31 + (18 + -3 - ((-33 - 1) + 32))?
48
(7 + -10 - (-19 + (13 - -16))) + -7
-20
-173 - (-34 + -81) - -36
-22
What is -16 + (-33 - -16 - -16) - (8 + -7)?
-18
Evaluate (-103 + 92 + -46 - -35) + 22.
0
Calculate -3 - (28 + (3 - 63) - (-2 + 1)).
28
What is the value of -119 - -170 - (-7 + 50)?
8
What is 18 + 1 - (-42 + (25 - 35) + 56)?
15
(53 + -20 - 61) + (-36 - -2)
-62
88 - (-494 + 473 + (25 - (0 - -2)))
86
Calculate -20 + (24 + -21 + -10 - -5).
-22
Calculate (-62 + 1 - (1328 + -1379)) + (1 - (11 - 0)).
-20
What is 27 + 9 + -37 + -5 - (18 + -2)?
-22
What is the value of (243 - 83) + -67 + -5?
88
What is the value of (-36 - -92 - 48) + -3?
5
Calculate (0 - -5) + (8 - (-6 - -16) - -8).
11
What is the value of -1099 + 1053 + 0 + 90 - -32?
76
Evaluate -22 - ((399 - 409) + 0 + 5).
-17
Evaluate -267 + 291 - (1 + 11) - 91.
-79
Calculate -406 + 476 - (-1 + -8 + 50).
29
Calculate (1 - (4 + (-14 - (12 + -17)))) + -64.
-58
-19 + (5 - (7 - 10)) - -8 - 15
-18
What is 1 + -20 + (2602 - 2555)?
28
Calculate 15 + (37 - 13) + -1 + -21.
17
Evaluate 5 + (73 - (-1 - -6)) + 87 + -69.
91
Calculate (7 - 22) + 1 + 23 - -5.
14
Calculate -20 + -5 - 0 - (-97 - 3).
75
Evaluate 58 - (-1 + -2) - (-756 + 755).
62
Calculate (81 - -9 - 0) + -612 + 617.
95
Calculate -19 - -74 - (9 - 27) - 13.
60
Evaluate (-3 - -16) + 72 + -79 - (0 - -3).
3
Calculate -9 - (-1 + 4 + 2 + (7 - 2) + -33).
14
Calculate 0 - (3 + 9 + -24) - -2 - 57.
-43
1 + 5 + -4 - (28 + 16 - 19 - -7)
-30
What is the value of (48 - 59) + -13 + (-29 - -52)?
-1
-7 - -1 - (-7 - (-7 + 8 + -3))
-1
Calculate 44 + -58 + 26 + -9.
3
What is -155 + 31 + (10 - -16) - -16?
-82
Calculate -1 - (-1 - 49) - (-132 - (150 - 290)).
41
What is the value of (28 - -26 - 87) + 0?
-33
-2 + -19 - (31 + (47 + -33 - 13))
-53
(5 - 14) + 3 + (22 - 16) + (-17 - -7)
-10
-96 + (-24 - -131) - (-3 + 82)
-68
What is the value of (17 + -12 - -3) + (-6 + -5 + 17 - -33)?
47
What is the value of -8 - (2 - 49) - (3 + 4 + -6)?
38
Calculate -161 + (140 - 39 - -2).
-58
What is the value of -26 - -77 - (-109 + 241)?
-81
Evaluate 59 + -7 + (7 - (-3 + 14)) + -8.
40
What is the value of 4 + 1 + -5 + 70 + -467 + 458?
61
What is -92 + (-4 - -25) + 25?
-46
-3003 - -3034 - (2 + -3 + -8)
40
389 + -402 - (-1 - 78 - (3 - 4))
65
What is the value of (5 - (6 + 7) - -9) + (3 - -3) - 28?
-21
What is the value of 11 - 1 - (16 + -31 - -62) - -13?
-24
What is the value of -5 - (-4 - (-33 + -8))?
-42
What is the value of (-11 - -1 - (2 + (-15 - -11))) + 20?
12
21 - 0 - (-38 - -25)
34
Calculate -16 + -34 - 79 - (-3 + -1 - 3 - 4).
-118
Evaluate (2 + -4 + (-3 + 5 - 4) - 8) + 82.
70
What is (-185 - -84) + -42 - -188?
45
Evaluate (-96 + -6 - -94) + -62 + 2 + (4 - 0).
-64
Evaluate -56 - (-42 + 28 + -4 - -21).
-59
2 - (-7 - -6 - -6 - (34 - -76))
107
Evaluate (-7 - (-31 - -59 - 26)) + -5.
-14
Calculate (-13 - -5) + (8 - 7 - 3) + (-94 - -51).
-53
Evaluate (13 - 4) + (4 - ((-4 - 4 - 23) + 8)).
36
Evaluate (-6 + 3 - ((6 - 4) + (-9 - -19))) + 47.
32
Calculate 1 + 6 + (32 + 14 + -29 - 36).
-12
What is the value of 25 + (-6 - 12 - -20) - 18?
9
-26 - -52 - 18 - 122
-114
1 + (-46 - -22 - -1) + -1
-23
What is 5 + -4 - (31 - (67 + (-36 - 0)))?
1
(11 - 8) + -42 - 17
-56
Evaluate -1 + 102 + (-91 - (-73 + -3)).
86
What is 4 + -14 + -2 + (96 - 21) - 10?
53
What is the value of (-25 - (19 + -125 + -14)) + -2?
93
What is the value of 16 - (10 - (28 + -19 + -1))?
14
Calculate (46 - 102 - -99) + -21 + 0.
22
28 + (6 - -31) + -108
-43
What is the value of 7 + (-19 + (42 - 34) - -65)?
61
What is -22 - (-20 + -16 + 68 + -71)?
17
Evaluate (-19 - -1) + (11 + -9 - 17) + (26 - 5).
-12
Evaluate 29 - 69 - -145 - 111.
-6
Calculate 28 + -1 + 239 + -230 + -94.
-58
Evaluate (50 - (6 + 29)) + (2 - -2 - (-6 + 2)).
23
What is 0 + 25 + (-8 - 6) - 67?
-56
What is (57 - 63) + -74 + 158?
78
2 - (-6 - 63) - (-4 - (-3 + -17 + 9))
64
What is the value of 44 + -26 + -39 + (1 - -4)?
-16
What is (-25 - -31) + -61 - -19?
-36
What is -40 + -1 + 18 + (-62 - -40)?
-45
Evaluate (5 - (7 + (-21 - -33))) + 16.
2
Calculate (22 - 43) + 30 + -2 + -133.
-126
What is the value of (-12 - ((28 - 10) + 4)) + -6?
-40
What is (-12 - 0) + -41 + 149 + -40 + -53?
3
-3 + (22